 is divided by b(-4)?
6
Let z(i) = 8*i + 141. What is the remainder when z(-17) is divided by 1?
0
Let h(z) = 48*z + 62. Suppose 21 = 3*g + 6. Calculate the remainder when h(-1) is divided by g.
4
What is the remainder when 115 is divided by (-2 + 7)*58/5?
57
Suppose -97 = -15*z + 593. What is the remainder when 86 is divided by z?
40
Let g be (-81)/(-18)*(-20)/6. Let m(r) = -r**3 - 14*r**2 + 16*r + 33. What is the remainder when m(g) is divided by 3?
0
Suppose 165 = 794*k - 789*k. Calculate the remainder when 122 is divided by k.
23
Let h be -1*(2 + -4) + 11. Suppose 0 = 5*z - 48 + h. What is the remainder when 19 is divided by z?
5
Let g(j) = 54*j - 40. What is the remainder when g(7) is divided by 38?
34
Let o be 0 - 8/(-4) - 0. Suppose -2*l = -o*t + 76, 0 = -3*t + 2*l + 68 + 43. Calculate the remainder when 68 is divided by t.
33
Let d be -2 + (-1)/(-1) - 0. Let g = -437 - -429. Let b = d - g. Calculate the remainder when 12 is divided by b.
5
Suppose -3*r = 2*r - 540. Suppose -3*z - 4*w + 86 = 0, 5*z + 4*w = 64 + 66. Calculate the remainder when r is divided by z.
20
Suppose -2*k = 5*p - 13, 3*k + p - 28 = 2*p. Calculate the remainder when -2*6/(-9) - (-308)/21 is divided by k.
7
Calculate the remainder when (64/(-12))/(9/(-243)) is divided by 21.
18
Let m = -90 - -151. What is the remainder when m is divided by 15 - (6 + 0 + -7)?
13
Suppose -5*y + v + 802 = 5*v, y - 2*v - 166 = 0. What is the remainder when y is divided by 4?
2
Suppose h - 1602 = -17*h. Calculate the remainder when h is divided by 20.
9
Let x = 109 - -300. What is the remainder when x is divided by 41?
40
Let k(p) = p**2 + 74. Let q be k(0). Suppose 11 + q = 5*i. What is the remainder when i is divided by 5?
2
Suppose -7*b + 5 + 576 = 0. Let q = -62 + b. Calculate the remainder when q is divided by 8.
5
Suppose -23*k + 445 + 590 = 0. Suppose -d - 4*d + 115 = 0. What is the remainder when k is divided by d?
22
Let t(z) = z**3 - 4*z**2 - 9*z + 9. Let r(p) = 92*p + 816. What is the remainder when r(-8) is divided by t(6)?
26
Let n(d) = 18*d**2 + 10*d - 35. Calculate the remainder when n(5) is divided by 4.
1
Let s = -387 - -414. Let f(v) = v**3 + 80. Suppose 0 = -2*a + 3*h, 0*a = 2*a - 4*h. What is the remainder when f(a) is divided by s?
26
Suppose 0 = 4*f - 0*f - 80. Suppose 4*d + f = g, 5*d - 4*g + 2 + 34 = 0. Calculate the remainder when (-47 - 1)*d/8 is divided by 13.
11
Let g = -238 - -266. Suppose j - 24 = -2*j. Calculate the remainder when g is divided by j.
4
Let z = 486 - 477. Calculate the remainder when 54 is divided by z.
0
Let r be 6/39 + (-67)/13. Calculate the remainder when 88 is divided by -3*(-5)/r - -16.
10
Suppose 103 = 5*a - 2*j, -2*j = 2*a + 3*j - 18. What is the remainder when 94 is divided by a?
18
Suppose -986 - 622 = -6*g. What is the remainder when g is divided by 45?
43
Let q(y) = 34*y**2 + 2*y - 12. What is the remainder when q(-4) is divided by 136?
116
Let z = 14 - 8. Let a be 119/z + (-3)/(-18). Suppose 3*c - 34 = -4*d, -2*d + a = d + 5*c. Calculate the remainder when 39 is divided by d.
9
Suppose 0 = -w + 4*w - 57. Suppose i - w = -2. Calculate the remainder when 32 is divided by i.
15
Suppose -21 = -3*b + 15. Let m(p) = p**3 + 8*p**2 + 11*p + 16. What is the remainder when m(-6) is divided by b?
10
Suppose -2*b - v = -89, 3*v = 9*b - 14*b + 221. What is the remainder when b is divided by -12*1/2*-2?
10
Let x be (-4)/3 - 48/(-9). Suppose 4*t - 10 - 26 = 4*p, -5*t - x*p + 36 = 0. What is the remainder when t is divided by 6?
2
Suppose -4*s + 4*g - 23 + 699 = 0, 5*g + 353 = 2*s. Calculate the remainder when s is divided by 14.
10
Suppose -4*j - 90 = -146. Suppose -j = p - 16. Calculate the remainder when 2/(-7) - 37/(-7) is divided by p.
1
Let i = -140 + 208. Suppose -2*u = -5*b - 30, -2*b = 2*u + u - 7. Suppose s + 2*s = -u*m + 82, s = 4*m - 52. Calculate the remainder when i is divided by m.
12
Let b(j) = 23*j**2 + 0 - 4 - 4 - 8*j - 21*j**2. Let u be b(8). Let q = -39 + u. What is the remainder when q is divided by 6?
5
Suppose 0 = 224*t - 233*t + 36. Calculate the remainder when (-1 + -37)/(0 + -2) is divided by t.
3
Suppose 0 = 5*r + 5*o + 10, r + 5*o = 6*r - 30. Let x be 44/8 + 1/2. Suppose -3*s = 4*n - 20, 0*n - x = n - r*s. What is the remainder when n is divided by 1?
0
Let n(q) = 6*q - 1. Let h = 76 + -75. Suppose -2*v = -3 - h, -5*u = 5*v - 110. Calculate the remainder when u is divided by n(2).
9
Let f be 30/24 + (-9)/(-12). Let q = 2 + f. Suppose 4*g + 2*a - 90 = 0, 0 = 4*g - q*a + 8 - 104. Calculate the remainder when g is divided by 6.
5
Let m(h) = -h**2 - 12*h + 89. Suppose 33 = 3*r - 6. Calculate the remainder when m(-11) is divided by r.
9
Let f = 6 + -3. Suppose f*v + 2*p - 11 = 6*p, -4*p + 7 = -v. Calculate the remainder when 42 is divided by v.
6
Calculate the remainder when 6 - ((-2)/(-11) + (-200768)/704) is divided by 49.
46
Suppose 5*t - 2*d - 37 - 59 = 0, 5*t = d + 93. Calculate the remainder when -1 + (-1)/1 - 700/(-10) is divided by t.
14
Let o = -145 + 149. Suppose c = -0 + o. What is the remainder when (2 - -1)/(1/7) is divided by c?
1
Let j(i) = i**2 - 14*i - 20. Let w be j(14). Let g = w - -17. What is the remainder when 2 + 1/(g/(-84)) is divided by 16?
14
What is the remainder when 12/(-14) - (-3762)/126 is divided by 25?
4
Let z = 15 + -11. Suppose 6*f - 130 = 3*f - 4*v, -z*f + 3*v = -215. Calculate the remainder when 148 is divided by f.
48
Let b = 10 + -13. Let p be (-7 - b)*(-21 - 1). Suppose p = 2*s + 3*o, o = -s + 75 - 30. Calculate the remainder when s is divided by 25.
22
Suppose 10*s = 1707 - 377. Calculate the remainder when s is divided by 101.
32
Let s = -635 - -646. Suppose 179 - 617 = -3*k. Let q = k - 103. Calculate the remainder when q is divided by s.
10
Let r(w) = 9 + w**3 - 2 - w**2 - 3*w**2 + 4*w. Let j = -1019 - -1045. Calculate the remainder when r(6) is divided by j.
25
Let s = -7 + 11. Suppose -2*y + y + s = 0. Suppose 0*x + 2*x = -y*a + 50, 4*a + 97 = 5*x. Calculate the remainder when x is divided by 6.
3
Let v = -328 + 602. What is the remainder when v is divided by 69?
67
Suppose 2*j - 22 - 2 = 4*b, 5*j + 3*b = 21. Calculate the remainder when j is divided by 2.
0
Let j = 47 - 43. Let k(u) = 2*u + 10 + 5*u - u + u. Calculate the remainder when k(j) is divided by 8.
6
Let j = -201 - -355. What is the remainder when (1*35/(-28))/((-1)/60) is divided by j/8 + (-2)/8?
18
Let h = -66 + 73. Suppose 4*g + 47 = h*g + 4*o, 2*o - 17 = -g. What is the remainder when 192 is divided by g?
10
Suppose -7*y = -4*y - 15. Suppose -y = -5*i + 5. Suppose -i*a + 30 = a. Calculate the remainder when 27 is divided by a.
7
Let g(v) = -2*v**2 + 11*v + 2. What is the remainder when g(5) is divided by (-21)/(-9) - (-1)/(-3)?
1
Let o = -59 - -104. Suppose 10*x - 141 - 109 = 0. Let b = o - x. What is the remainder when 39 is divided by b?
19
Suppose 3*c - 9 = 3*q, 4*c - 2 = -5*q + 28. Suppose 4*x = 2*d - 114, 0 = 4*d - x + c*x - 228. What is the remainder when d is divided by 15?
12
Suppose u - 48 = -3*g + 1, 3*g + 4*u = 34. Let h = 43 - g. What is the remainder when (3 - -7)*7 - (0 - 2) is divided by h?
22
Suppose 44 = 18*m - 46. What is the remainder when 112 is divided by m?
2
Suppose 12*t = 438 + 90. Calculate the remainder when t is divided by 6.
2
Suppose t - 13 = -4. What is the remainder when (0 - -3)*138/18 is divided by t?
5
Let r = 445 + -436. What is the remainder when 62 is divided by r?
8
Suppose -2*o - 2*j = -0*j - 34, 0 = 2*j + 4. Suppose 3*s + 13 = o. Calculate the remainder when 10 is divided by s.
0
Suppose 2*f = -2*m - 6 + 24, 2*m = 3*f + 33. What is the remainder when 210 is divided by m?
6
Suppose -3*y = -6, 0 = -3*a - 2*a + 3*y + 204. What is the remainder when a is divided by 40?
2
Suppose h - 330 = -59. Suppose 2*z - h - 143 = 0. Suppose -z = -4*o + 21. What is the remainder when o is divided by 15?
12
Let m = -21 + 38. Let s = 91 - 162. Let j = s + 136. What is the remainder when j is divided by m?
14
Let t(z) = 5*z**2 + 23*z + 58. Calculate the remainder when t(-5) is divided by 9.
5
Let d(n) = 6*n**2 + 19*n + 13. Calculate the remainder when 120 is divided by d(-4).
21
What is the remainder when 264/(-352) - (2735/4)/(-1) is divided by 49?
46
Let j(q) be the third derivative of q